ulate the remainder when 92 is divided by i.
12
Suppose -10*i + 132 + 38 = 0. Calculate the remainder when 76 is divided by i.
8
Suppose 2*u = 2 + 6. What is the remainder when u is divided by 47 + -48 + (-4)/(-1)?
1
Let w(f) = -1 + f**2 + f**2 - 4*f**2 + 2 + 7*f**3. What is the remainder when 10 is divided by w(1)?
4
Suppose 6*a - 544 = -2*a. Let h = 81 - a. What is the remainder when 63 is divided by h?
11
Let m = 9 + 5. Let j = 31 + -23. What is the remainder when m is divided by j?
6
Let i(z) be the first derivative of -z**2 + 20*z - 20. Calculate the remainder when 77 is divided by i(0).
17
Suppose -19 + 0 = -5*c + 3*u, -3*c - u + 3 = 0. What is the remainder when 51 is divided by c?
1
Let j(q) = 3*q - 12. Let x be (-2 - -1)/((-5)/(-45)). Let h = 14 + x. Calculate the remainder when 11 is divided by j(h).
2
Suppose 0 = 7*r - 5*r + 22. Let b = 3 + r. Let z = b + 18. Calculate the remainder when z is divided by 3.
1
Suppose -3*u = y - 3*y - 128, u - 31 = 3*y. What is the remainder when 135 is divided by u?
43
What is the remainder when 167 + -5 + (-30)/5 is divided by 9?
3
Let t(x) = -x + 16. Let v = 8 + 4. Let j be t(v). Let w(g) = g**3 - 3*g**2 - 3*g + 3. What is the remainder when 18 is divided by w(j)?
4
Let m = 1 + 2. Let z = 21 + m. Suppose -17 = 4*t - 53. What is the remainder when z is divided by t?
6
Let z(s) be the third derivative of 17*s**5/60 - s**3 - 10*s**2. What is the remainder when z(2) is divided by 21?
20
Suppose b + 3*y = 91, -133 - 100 = -3*b + y. Suppose -d = 4*n - 160, -2*n - 79*d = -76*d - 80. What is the remainder when b is divided by n?
39
Let f = -386 + 387. Calculate the remainder when f is divided by 1.
0
Let g be (-5*(-3)/30)/((-2)/(-552)). Suppose 4*h - 2*d - g = 0, -5*d - 14 = -2*h + 75. Calculate the remainder when h is divided by 9.
5
Let k = 561 - 522. Calculate the remainder when k is divided by 21.
18
What is the remainder when ((-41)/(-3))/(((-70)/(-15))/14) is divided by 14?
13
Let w(p) = -18*p**3 + 2*p + 1. Let v(b) = -2*b + 3. Let f be v(2). Suppose 4*o = -851 + 1115. What is the remainder when o is divided by w(f)?
15
Suppose 5*j + 130 = 5*h, -h + 0 = -3*j - 28. Calculate the remainder when 45 is divided by h.
20
Let l = -54 + 44. Let g = l - -95. Calculate the remainder when g is divided by 43.
42
Let g = 1052 - 851. What is the remainder when g is divided by 4?
1
Suppose 4*z - 2*z = -r + 123, -3*z + 189 = 3*r. Calculate the remainder when z is divided by 31.
29
What is the remainder when 121 is divided by (391/(-51))/(1/(-6))?
29
Let y(f) = -f**2 - 2*f + 17. Let v(i) = -3*i**2 - 7*i + 50. Let m(h) = -4*v(h) + 11*y(h). Calculate the remainder when m(-9) is divided by 2/4 + 36/8.
4
Let v(h) = h + 15. Let q be v(-10). Suppose -q*z + 24 + 46 = 0. Suppose 0 = 5*b + 4*x - 397, -3*x = x + 8. Calculate the remainder when b is divided by z.
11
Let w be 2/6 - (1 + 400/(-15)). Suppose -156 + w = -10*z. Let a(o) = 3*o + 4. Calculate the remainder when a(7) is divided by z.
12
Let i(c) = c**2 + 8*c - 15. Let o be i(-11). Suppose 2*d + 4*u - o = 28, 0 = -4*d + u + 56. Calculate the remainder when 27 is divided by d.
12
Suppose -1464 = 2*h - 6*h. Suppose p + 99 = 2*p - t, -4*p = 2*t - h. Calculate the remainder when p is divided by 32.
30
Suppose 47 = 6*d - 157. Suppose j - 60 = d. What is the remainder when j is divided by 32?
30
Let f(b) = -b**2 - 14*b - 19. Let o be f(-5). Suppose -w - 4*x - 3 + o = 0, 85 = 2*w - 5*x. Calculate the remainder when w is divided by 13.
9
Let i = 19 - -14. Suppose 4*g = v - i, 3*v - 5*g - 81 = -17. Suppose -2*n + v = -65. What is the remainder when n is divided by 14?
11
Suppose -3*j + 6*b - 30 = 3*b, -3*b - 24 = 3*j. Let x(d) = -d**3 - 8*d**2 + d - 21. Calculate the remainder when x(j) is divided by 9.
6
Let i(a) = a**3 + 2*a**2 - 6*a + 1. Calculate the remainder when 69 is divided by i(-3).
9
Let l = 1 - -5. Let d be l*(3 + (-7)/3). Suppose -m - 206 = -4*r - 3*m, d*r = m + 209. Calculate the remainder when r is divided by 18.
16
Calculate the remainder when ((-12)/28)/((-3)/483) is divided by 35.
34
Suppose -72*n + 2*v + 1110 = -70*n, -2*v - 560 = -n. Calculate the remainder when n is divided by 89.
16
Suppose -6*k + t = -3*k - 38, 0 = 2*k - 3*t - 37. Let h be (7 - k)/(2/49). What is the remainder when h/(-6) + 6/9 is divided by 6?
5
Let u(k) = k**3 - k**2 + k + 107. Calculate the remainder when u(0) is divided by 18.
17
Let l(f) = -f**3 + 13*f**2 - 23*f - 20. Suppose r - 29 = -4. Calculate the remainder when l(9) is divided by r.
22
Suppose -3*f - 2*x + 112 = f, -4*x = -4*f + 136. Suppose 2*t - 20 = -3*t. What is the remainder when t/f + 4836/180 is divided by 14?
13
Suppose i + 3 = 4*a - 4, -12 = -3*i + a. Suppose i*n - 4*t = 17 - 2, -n + 22 = 3*t. Calculate the remainder when (-1 - -4)/3 + (-11)/(-1) is divided by n.
5
What is the remainder when (-1694)/(-26) - ((-80)/(-65))/8 is divided by 35?
30
Suppose -y = 2*t - 20, y + y - 34 = -t. Suppose y*b - 522 = -2*b. Calculate the remainder when 113 is divided by b.
26
Let i(t) = -16*t - 138. What is the remainder when i(-23) is divided by 59?
53
Let o = -262 - -578. Calculate the remainder when o is divided by 17.
10
Let x(p) = 14*p**2 - 4*p - 1. Calculate the remainder when 473 is divided by x(-1).
14
Let q be (-551)/57 + 2/(-6) + -1. Let r(y) = -y**2 - 11*y + 17. What is the remainder when 29 is divided by r(q)?
12
Let h(k) = k + 11. Let t = -27 - -18. Let f be h(t). Suppose -2*q - f*q + 112 = 0. Calculate the remainder when q is divided by 15.
13
Let x = -247 - -271. Calculate the remainder when x is divided by 3.
0
Suppose -m = -1, 3*w - 8*m + 3*m - 418 = 0. Calculate the remainder when w is divided by 33.
9
What is the remainder when 170 is divided by (-16 + 14)*75/(-6)?
20
Let b(r) = -r**2 + 10*r + 126. What is the remainder when (-1 - (-18)/(-8))*-4 is divided by b(17)?
6
Let u(y) = 76*y + 7 - 85*y - y**2 - 3 + 3*y**2. Suppose 2*h + 87 = 3*h. Calculate the remainder when h is divided by u(6).
21
Let r(z) = 23*z. Suppose 144*g - 139*g = -5*l + 100, l - 36 = -2*g. Calculate the remainder when r(2) is divided by g.
14
Suppose 0 = 4*l - 146 - 10. Let f be -1*(36/(-10) - (-4)/(-10)). Suppose 4*z = f*d - 9*d + 108, -84 = -4*d - 2*z. What is the remainder when l is divided by d?
19
Suppose 14*n = 12*n - 4*g + 70, -5*g - 179 = -4*n. What is the remainder when 175 is divided by n?
11
Suppose 0 = 206*z - 207*z + 22. What is the remainder when 39 is divided by z?
17
Suppose -67*y + 65*y + 392 = 0. Calculate the remainder when y is divided by 75.
46
Let x = 4 - -22. Let m = 0 + 5. Suppose m*v - 204 = v. What is the remainder when v is divided by x?
25
Let i(t) = t + 7. Let q be i(-5). Let b(p) = 4*p + q*p + p + 0*p. What is the remainder when 55 is divided by b(2)?
13
Let m(z) = -60*z. Let c be m(1). Calculate the remainder when 173/3 - (-1)/3 is divided by (c/(-9))/(4/18).
28
Let t = -18 + 29. Suppose -3*h + 125 = x - 2*x, 5*h = x + 211. What is the remainder when h is divided by t?
10
What is the remainder when 162/108*(-260)/(-6) is divided by 6?
5
Let a(g) = g**3 - 8*g**2 - 2*g + 81. Calculate the remainder when 66 is divided by a(7).
12
Let b(i) = -3*i**2 - 20*i + 4. Let x be b(-7). Calculate the remainder when 44 is divided by 13/((-5 - -2)/x).
5
Let q = -90 - -94. Suppose -5*t + 13*u = 10*u - 219, 2*u - q = 0. What is the remainder when t is divided by 10?
5
Let d = 439 - 427. Calculate the remainder when 56 is divided by d.
8
Let h be (-12)/18*(0 - -3). Let a(c) = 3*c**2 - 4. Calculate the remainder when 19 is divided by a(h).
3
Let f(s) = -2*s**3 - 19*s**2 - 13*s - 4. Calculate the remainder when f(-9) is divided by 17.
15
Let r = 11 + -2. Suppose 4*i - 52 = 2*y, -5*y = -0*y - 20. Suppose -5*m + i = -0. What is the remainder when r is divided by m?
0
Let w = 67 - 10. Calculate the remainder when w is divided by 9.
3
Let g = -15 + 23. What is the remainder when 4/(-22) - 5172/(-132) is divided by g?
7
Suppose 5*u - i - 10 = 0, 6*i - i - 34 = -3*u. Suppose -u*r = 3*o - 138, -1 + 6 = -5*o. Suppose -4*d = -7 - 41. What is the remainder when r is divided by d?
11
Let r be 2/(-2)*1*5. Let s(x) = 2*x**2 + 7*x + 2. Let k(y) = y**3 - 25*y**2 + 11*y + 377. What is the remainder when k(24) is divided by s(r)?
14
Let z = -26 + 200